{"id":27,"date":"2013-07-21T13:46:46","date_gmt":"2013-07-21T11:46:46","guid":{"rendered":"http:\/\/deutsches-kuratorium.de\/?page_id=27"},"modified":"2025-06-18T07:21:44","modified_gmt":"2025-06-18T05:21:44","slug":"impressum","status":"publish","type":"page","link":"https:\/\/deutsches-kuratorium.de\/?page_id=27","title":{"rendered":"Impressum"},"content":{"rendered":"<p><span style=\"font-size: 12pt;\">Deutsches Kuratorium zur F\u00f6rderung von Wissenschaft, Bildung und Kultur e.V.<\/span><\/p>\n<p><span style=\"font-size: 12pt;\"><strong>Gesch\u00e4ftsstelle:<\/strong><\/span><\/p>\n<p><span style=\"font-size: 12pt;\">Schweinfurter Stra\u00dfe 16<\/span><br \/>\n<span style=\"font-size: 12pt;\">97532 \u00dcchtelhausen<\/span><\/p>\n<p><span style=\"font-size: 12pt;\">Tel: 09720\/951212<\/span><br \/>\n<span style=\"font-size: 12pt;\">E-Mail: <a href=\"mailto:deutsches.kuratorium@t-online.de\">deutsches.kuratorium@t-online.de<\/a>\u00a0 (zentrale E-Mail Adresse)<\/span><\/p>\n<p><span style=\"font-size: 12pt;\"><a href=\"http:\/\/www.deutsches-kuratorium.de\/\">www.deutsches-kuratorium.de<\/a><\/span><\/p>\n<p><span style=\"font-size: 12pt;\">Vertreten durch den gesch\u00e4ftsf\u00fchrenden Vorstand Andreas Erhard<\/span><\/p>\n<p><span style=\"font-size: 12pt;\">Eingetragen beim Amtsgericht W\u00fcrzburg Nr. VR1130<br \/>\nGemeinn\u00fctzig und besonders f\u00f6rderungsw\u00fcrdig anerkannt, Finanzamt Schweinfurt Nr. 249\/110\/71947<\/span><\/p>\n<p><span style=\"font-size: 12pt;\">Die Gesch\u00e4ftsstelle des Deutschen Kuratoriums e.V. ist ausschlie\u00dflich ehrenamtlich besetzt.<br \/>\nBei Telefonanrufen erfolgen teilweise Bandschaltungen.<\/span><\/p>\n<p><span style=\"font-size: 12pt;\">Eintr\u00e4ge und Ausf\u00fchrungen zu den Projekten des Deutschen Kuratoriums e.V. in der Wikipedia oder weiteren Enzyklop\u00e4dien sind im Allgemeinen n\u00fctzliche Erstinformationen. Zur weiteren nachhaltigen und sachlich sowie fachlich korrekten Information, sollte ausschlie\u00dflich auf die vorbezeichnete\u00a0Homepage zur\u00fcckgegriffen werden.<\/span><\/p>\n<p><span style=\"font-size: 12pt;\"><strong>Hinweise zum Urheberecht und Datenschutz<\/strong><\/span><\/p>\n<p><span style=\"font-size: 12pt;\">Alle Bilddokumente sowie Texte sind urheberrechtlich gesch\u00fctzt. Bild- und Textautor ist, insofern keine weiteren Quellenangaben vorhanden sind das Deutsche Kuratorium zur F\u00f6rderung von Wissenschaft, Bildung und Kultur e.V.<\/span><\/p>\n<p><span style=\"font-size: 12pt;\">Relevante Daten werden nicht in elektronischer Form gespeichert und nicht an Dritte weitergegeben.<\/span><\/p>\n<p><span style=\"font-size: 12pt;\">Jede Nutzung, auch die Verlinkung im Internet, bedarf der Genehmigung durch das Deutsche Kuratorium e<\/span>.V.<\/p>\n","protected":false},"excerpt":{"rendered":"<p>Deutsches Kuratorium zur F\u00f6rderung von Wissenschaft, Bildung und Kultur e.V. Gesch\u00e4ftsstelle: Schweinfurter Stra\u00dfe 16 97532 \u00dcchtelhausen Tel: 09720\/951212 E-Mail: deutsches.kuratorium@t-online.de\u00a0 (zentrale E-Mail Adresse) www.deutsches-kuratorium.de Vertreten durch den gesch\u00e4ftsf\u00fchrenden Vorstand Andreas Erhard Eingetragen beim Amtsgericht W\u00fcrzburg Nr. VR1130 Gemeinn\u00fctzig und besonders <a class=\"more-link\" href=\"https:\/\/deutsches-kuratorium.de\/?page_id=27\">Weiterlesen\u00a0\u2026<\/a><\/p>\n","protected":false},"author":1,"featured_media":0,"parent":0,"menu_order":0,"comment_status":"closed","ping_status":"closed","template":"","meta":{"footnotes":""},"class_list":["post-27","page","type-page","status-publish","hentry"],"_links":{"self":[{"href":"https:\/\/deutsches-kuratorium.de\/index.php?rest_route=\/wp\/v2\/pages\/27","targetHints":{"allow":["GET"]}}],"collection":[{"href":"https:\/\/deutsches-kuratorium.de\/index.php?rest_route=\/wp\/v2\/pages"}],"about":[{"href":"https:\/\/deutsches-kuratorium.de\/index.php?rest_route=\/wp\/v2\/types\/page"}],"author":[{"embeddable":true,"href":"https:\/\/deutsches-kuratorium.de\/index.php?rest_route=\/wp\/v2\/users\/1"}],"replies":[{"embeddable":true,"href":"https:\/\/deutsches-kuratorium.de\/index.php?rest_route=%2Fwp%2Fv2%2Fcomments&post=27"}],"version-history":[{"count":13,"href":"https:\/\/deutsches-kuratorium.de\/index.php?rest_route=\/wp\/v2\/pages\/27\/revisions"}],"predecessor-version":[{"id":209,"href":"https:\/\/deutsches-kuratorium.de\/index.php?rest_route=\/wp\/v2\/pages\/27\/revisions\/209"}],"wp:attachment":[{"href":"https:\/\/deutsches-kuratorium.de\/index.php?rest_route=%2Fwp%2Fv2%2Fmedia&parent=27"}],"curies":[{"name":"wp","href":"https:\/\/api.w.org\/{rel}","templated":true}]}}

<p><span style="font-size: 12pt;">Deutsches Kuratorium zur Förderung von Wissenschaft, Bildung und Kultur e.V.</span></p>
<p><span style="font-size: 12pt;"><strong>Geschäftsstelle:</strong></span></p>
<p><span style="font-size: 12pt;">Schweinfurter Straße 16</span><br />
<span style="font-size: 12pt;">97532 Üchtelhausen</span></p>
<p><span style="font-size: 12pt;">Tel: 09720/951212</span><br />
<span style="font-size: 12pt;">E-Mail: <a href="mailto:deutsches.kuratorium@t-online.de">deutsches.kuratorium@t-online.de</a>  (zentrale E-Mail Adresse)</span></p>
<p><span style="font-size: 12pt;"><a href="http://www.deutsches-kuratorium.de/">www.deutsches-kuratorium.de</a></span></p>
<p><span style="font-size: 12pt;">Vertreten durch den geschäftsführenden Vorstand Andreas Erhard</span></p>
<p><span style="font-size: 12pt;">Eingetragen beim Amtsgericht Würzburg Nr. VR1130<br />
Gemeinnützig und besonders förderungswürdig anerkannt, Finanzamt Schweinfurt Nr. 249/110/71947</span></p>
<p><span style="font-size: 12pt;">Die Geschäftsstelle des Deutschen Kuratoriums e.V. ist ausschließlich ehrenamtlich besetzt.<br />
Bei Telefonanrufen erfolgen teilweise Bandschaltungen.</span></p>
<p><span style="font-size: 12pt;">Einträge und Ausführungen zu den Projekten des Deutschen Kuratoriums e.V. in der Wikipedia oder weiteren Enzyklopädien sind im Allgemeinen nützliche Erstinformationen. Zur weiteren nachhaltigen und sachlich sowie fachlich korrekten Information, sollte ausschließlich auf die vorbezeichnete Homepage zurückgegriffen werden.</span></p>
<p><span style="font-size: 12pt;"><strong>Hinweise zum Urheberecht und Datenschutz</strong></span></p>
<p><span style="font-size: 12pt;">Alle Bilddokumente sowie Texte sind urheberrechtlich geschützt. Bild- und Textautor ist, insofern keine weiteren Quellenangaben vorhanden sind das Deutsche Kuratorium zur Förderung von Wissenschaft, Bildung und Kultur e.V.</span></p>
<p><span style="font-size: 12pt;">Relevante Daten werden nicht in elektronischer Form gespeichert und nicht an Dritte weitergegeben.</span></p>
<p><span style="font-size: 12pt;">Jede Nutzung, auch die Verlinkung im Internet, bedarf der Genehmigung durch das Deutsche Kuratorium e</span>.V.</p>

<p>Deutsches Kuratorium zur Förderung von Wissenschaft, Bildung und Kultur e.V. Geschäftsstelle: Schweinfurter Straße 16 97532 Üchtelhausen Tel: 09720/951212 E-Mail: deutsches.kuratorium@t-online.de  (zentrale E-Mail Adresse) www.deutsches-kuratorium.de Vertreten durch den geschäftsführenden Vorstand Andreas Erhard Eingetragen beim Amtsgericht Würzburg Nr. VR1130 Gemeinnützig und besonders <a class="more-link" href="https://deutsches-kuratorium.de/?page_id=27">Weiterlesen …</a></p>
