{"id":26,"date":"2013-07-21T13:46:28","date_gmt":"2013-07-21T11:46:28","guid":{"rendered":"http:\/\/deutsches-kuratorium.de\/?page_id=26"},"modified":"2024-06-04T11:23:45","modified_gmt":"2024-06-04T09:23:45","slug":"kooperationspartner","status":"publish","type":"page","link":"https:\/\/deutsches-kuratorium.de\/?page_id=26","title":{"rendered":"Kooperationen"},"content":{"rendered":"<p><span style=\"text-decoration: underline; font-size: 12pt;\">Kooperationspartner Mitteldeutschland<\/span><\/p>\n<p><span style=\"font-size: 12pt;\"><a href=\"https:\/\/deutsches-kuratorium.de\/?attachment_id=101\" rel=\"attachment wp-att-101\"><img loading=\"lazy\" decoding=\"async\" class=\" wp-image-101 alignleft\" title=\"Stefan Labus\" src=\"https:\/\/deutsches-kuratorium.de\/wordpress\/wp-content\/uploads\/Labus.jpg\" alt=\"Labus\" width=\"116\" height=\"131\" \/><\/a><\/span><\/p>\n<p><span style=\"font-size: 12pt;\"><br \/>\nHerr<\/span><br \/>\n<span style=\"font-size: 12pt;\">Stefan Labus<\/span><br \/>\n<span style=\"font-size: 12pt;\">Friedrichstr. 6-8<\/span><br \/>\n<span style=\"font-size: 12pt;\">97421 Schweinfurt<\/span><\/p>\n<p>&nbsp;<\/p>\n<p><span style=\"font-size: 12pt;\">Der Schweinfurter Unternehmer, geboren 1953, ist weit \u00fcber Stadt und Landkreisgrenzen f\u00fcr sein gesch\u00e4ftliches und ehrenamtliches Engagement bekannt.<\/span><br \/>\n<span style=\"font-size: 12pt;\">Die Firma Autoglas Team geh\u00f6rt heute zu den ersten Adressen in Schweinfurt.<\/span><br \/>\n<span style=\"font-size: 12pt;\">Der Mitbegr\u00fcnder und Vorsitzende der W\u00e4hlergemeinschaft Schweinfurter Liste ist seit 2002 im Stadtrat der Stadt Schweinfurt und aktives Mitglied der Faschingsgesellschaft ESKAGE, deren Prinzenpaar Stefan Labus mit Ehefrau Gabriele im Jahr 2001 war. Stefan Labus ist Initiator und Gr\u00fcnder der Schweinfurter Kindertafel sowie des Bundesverbandes \u201eDeutsche Kindertafel\u201c mit Sitz in M\u00fcnchen.<\/span><br \/>\n<span style=\"font-size: 12pt;\">Die Region Schweinfurt-Main-Rh\u00f6n wird mit dem eigens angelegten Autoglas Team Hilfsfonds unterst\u00fctzt.<\/span><\/p>\n<p><span style=\"font-size: 12pt;\">Mitglied des Deutschen Kuratoriums e.V.<\/span><\/p>\n<p><span style=\"text-decoration: underline; font-size: 12pt;\">Kontakt:<\/span><br \/>\n<span style=\"font-size: 12pt;\">Tel.: 09721\/8010-60<\/span><br \/>\n<span style=\"font-size: 12pt;\">Fax: 09721\/83031<\/span><br \/>\n<span style=\"font-size: 12pt;\">E-Mail: stefan.labus@gmx.de<\/span><\/p>\n<p>&nbsp;<\/p>\n<p><span style=\"text-decoration: underline; font-size: 12pt;\">Kooperationspartner Nord-Westdeutschland<\/span><\/p>\n<p><span style=\"font-size: 12pt;\">\u00a0<a href=\"https:\/\/deutsches-kuratorium.de\/?attachment_id=134\" rel=\"attachment wp-att-134\"><img loading=\"lazy\" decoding=\"async\" class=\"alignleft size-full wp-image-134\" src=\"https:\/\/deutsches-kuratorium.de\/wordpress\/wp-content\/uploads\/Bild_Dullau_Autor1.jpg\" alt=\"Michael Dullau\" width=\"119\" height=\"131\" \/><\/a><\/span><\/p>\n<p><span style=\"font-size: 12pt;\">Herr Michael Dullau<\/span><br \/>\n<span style=\"font-size: 12pt;\">Rhein-Main-Gebiet<\/span><br \/>\n<span style=\"font-size: 12pt;\">Nordrhein-Westfalen<\/span><\/p>\n<p>&nbsp;<\/p>\n<p><span style=\"font-size: 12pt;\">Michael Dullau, geboren 1967, besch\u00e4ftigt sich seit mehreren Jahren als Autor mit der Aufarbeitung der Geschehnisse an der einstigen deutsch-deutschen Grenze und\u00a0der Grenztruppen der DDR, er\u00a0hat dazu Romane, Erz\u00e4hlungen und Kurzgeschichten, aber auch Fachb\u00fccher, Dokumentationen sowie Chroniken publiziert. Von 1987 bis 1989 war er selbst Wehrdienstpflichtiger bei den Grenztruppen der DDR.<\/span><br \/>\n<span style=\"font-size: 12pt;\">Im Jahre 2005 wurde sein viel beachteter Deb\u00fctroman \u00bbGrenzland\u00ab ver\u00f6ffentlicht, der vom Alltag an der einstigen Grenze erz\u00e4hlt und einen Einblick in das Leben der DDR-Grenzsoldaten gew\u00e4hrt. Im Jahr 2008 wurde von ihm die \u00bbChronik der deutsch-deutschen Grenze und der Grenztruppen der DDR von 1945 bis 1990\u00ab ver\u00f6ffentlicht, die als komprimiertes Basiswerk zur deutschen Teilung gilt. Seit Anfang 2016 widmet er sich mit mehreren e-books der umfassenden literarischen Aufarbeitung der Todesf\u00e4lle an der einstigen deutsch-deutschen Grenze.<\/span><\/p>\n<p><span style=\"font-size: 12pt;\">Michael Dullau ist heute als freiberuflicher Redakteur und Autor in der Rhein-Main-Region t\u00e4tig. Er h\u00e4lt Lesungen und Vortr\u00e4ge zur Thematik der deutsch-deutschen Grenze.<\/span><\/p>\n<p><span style=\"font-size: 12pt;\">Mitglied des Deutschen Kuratoriums e.\u00a0V.\u00a0<\/span><\/p>\n<p><span style=\"font-size: 12pt;\"><span style=\"text-decoration: underline;\">Kontakt:<br \/>\n<\/span>E-Mail: buch-grenzland@gmx.de<\/span><\/p>\n<p>&nbsp;<\/p>\n<p><span style=\"text-decoration: underline; font-size: 12pt;\">Kooperationspartner Norddeutschland<\/span><\/p>\n<p><span style=\"font-size: 12pt;\"><a href=\"https:\/\/deutsches-kuratorium.de\/?attachment_id=106\" rel=\"attachment wp-att-106\"><img loading=\"lazy\" decoding=\"async\" class=\"alignleft size-full wp-image-106\" src=\"https:\/\/deutsches-kuratorium.de\/wordpress\/wp-content\/uploads\/Kropp.jpg\" alt=\"Ulrich Kropp\" width=\"129\" height=\"156\" \/><\/a><\/span><\/p>\n<p>&nbsp;<\/p>\n<p><span style=\"font-size: 12pt;\">Herr<\/span><br \/>\n<span style=\"font-size: 12pt;\">Ulrich Kropp<\/span><br \/>\n<span style=\"font-size: 12pt;\">26180 Rastede\/Oldenburg<\/span><br \/>\n<span style=\"font-size: 12pt;\">Niedersachsen<\/span><\/p>\n<p>&nbsp;<\/p>\n<p><span style=\"font-size: 12pt;\">Herr Ulrich Kropp, Jahrgang 1952, verf\u00fcgt \u00fcber 30 Jahre gewachsenes Erfahrungswissen hinsichtlich deutsch-deutscher Geschichte.<\/span><br \/>\n<span style=\"font-size: 12pt;\">In seinem Beruf als Lehrer organisierte er seit den 1980er Jahren Studienfahrten in die damalige DDR.<\/span><br \/>\n<span style=\"font-size: 12pt;\">Zahlreiche Lehrerfortbildungen nehmen thematisch auf die deutsch-deutsche sowie europ\u00e4ische Zusammenarbeit Bezug.<\/span><br \/>\n<span style=\"font-size: 12pt;\">Der Amateurfotograf Ulrich Kropp beobachtet, fotografiert und dokumentiert die ehemalige innerdeutsche Grenze, sowie den Alltag in der DDR.<\/span><br \/>\n<span style=\"font-size: 12pt;\">Eine Reihe von Grenzdokumenten, Tonaufzeichnungen und Dokumentarfilmen sprechen f\u00fcr sich.<\/span><\/p>\n<p><span style=\"font-size: 12pt;\">Mitglied des Deutschen Kuratoriums e.V.<\/span><\/p>\n<p><span style=\"text-decoration: underline; font-size: 12pt;\">Kontakt:<\/span><br \/>\n<span style=\"font-size: 12pt;\">Tel.: 04402\/82282<\/span><br \/>\n<span style=\"font-size: 12pt;\">Fax: 04402\/988306<\/span><br \/>\n<span style=\"font-size: 12pt;\">E-Mail: ukropp@ewetel.de<\/span><\/p>\n","protected":false},"excerpt":{"rendered":"<p>Kooperationspartner Mitteldeutschland Herr Stefan Labus Friedrichstr. 6-8 97421 Schweinfurt &nbsp; Der Schweinfurter Unternehmer, geboren 1953, ist weit \u00fcber Stadt und Landkreisgrenzen f\u00fcr sein gesch\u00e4ftliches und ehrenamtliches Engagement bekannt. Die Firma Autoglas Team geh\u00f6rt heute zu den ersten Adressen in Schweinfurt. <a class=\"more-link\" href=\"https:\/\/deutsches-kuratorium.de\/?page_id=26\">Weiterlesen\u00a0\u2026<\/a><\/p>\n","protected":false},"author":1,"featured_media":0,"parent":0,"menu_order":0,"comment_status":"closed","ping_status":"closed","template":"","meta":{"footnotes":""},"class_list":["post-26","page","type-page","status-publish","hentry"],"_links":{"self":[{"href":"https:\/\/deutsches-kuratorium.de\/index.php?rest_route=\/wp\/v2\/pages\/26","targetHints":{"allow":["GET"]}}],"collection":[{"href":"https:\/\/deutsches-kuratorium.de\/index.php?rest_route=\/wp\/v2\/pages"}],"about":[{"href":"https:\/\/deutsches-kuratorium.de\/index.php?rest_route=\/wp\/v2\/types\/page"}],"author":[{"embeddable":true,"href":"https:\/\/deutsches-kuratorium.de\/index.php?rest_route=\/wp\/v2\/users\/1"}],"replies":[{"embeddable":true,"href":"https:\/\/deutsches-kuratorium.de\/index.php?rest_route=%2Fwp%2Fv2%2Fcomments&post=26"}],"version-history":[{"count":17,"href":"https:\/\/deutsches-kuratorium.de\/index.php?rest_route=\/wp\/v2\/pages\/26\/revisions"}],"predecessor-version":[{"id":205,"href":"https:\/\/deutsches-kuratorium.de\/index.php?rest_route=\/wp\/v2\/pages\/26\/revisions\/205"}],"wp:attachment":[{"href":"https:\/\/deutsches-kuratorium.de\/index.php?rest_route=%2Fwp%2Fv2%2Fmedia&parent=26"}],"curies":[{"name":"wp","href":"https:\/\/api.w.org\/{rel}","templated":true}]}}

<p><span style="text-decoration: underline; font-size: 12pt;">Kooperationspartner Mitteldeutschland</span></p>
<p><span style="font-size: 12pt;"><a href="https://deutsches-kuratorium.de/?attachment_id=101" rel="attachment wp-att-101"><img loading="lazy" decoding="async" class=" wp-image-101 alignleft" title="Stefan Labus" src="https://deutsches-kuratorium.de/wordpress/wp-content/uploads/Labus.jpg" alt="Labus" width="116" height="131" /></a></span></p>
<p><span style="font-size: 12pt;"><br />
Herr</span><br />
<span style="font-size: 12pt;">Stefan Labus</span><br />
<span style="font-size: 12pt;">Friedrichstr. 6-8</span><br />
<span style="font-size: 12pt;">97421 Schweinfurt</span></p>
<p>&nbsp;</p>
<p><span style="font-size: 12pt;">Der Schweinfurter Unternehmer, geboren 1953, ist weit über Stadt und Landkreisgrenzen für sein geschäftliches und ehrenamtliches Engagement bekannt.</span><br />
<span style="font-size: 12pt;">Die Firma Autoglas Team gehört heute zu den ersten Adressen in Schweinfurt.</span><br />
<span style="font-size: 12pt;">Der Mitbegründer und Vorsitzende der Wählergemeinschaft Schweinfurter Liste ist seit 2002 im Stadtrat der Stadt Schweinfurt und aktives Mitglied der Faschingsgesellschaft ESKAGE, deren Prinzenpaar Stefan Labus mit Ehefrau Gabriele im Jahr 2001 war. Stefan Labus ist Initiator und Gründer der Schweinfurter Kindertafel sowie des Bundesverbandes „Deutsche Kindertafel“ mit Sitz in München.</span><br />
<span style="font-size: 12pt;">Die Region Schweinfurt-Main-Rhön wird mit dem eigens angelegten Autoglas Team Hilfsfonds unterstützt.</span></p>
<p><span style="font-size: 12pt;">Mitglied des Deutschen Kuratoriums e.V.</span></p>
<p><span style="text-decoration: underline; font-size: 12pt;">Kontakt:</span><br />
<span style="font-size: 12pt;">Tel.: 09721/8010-60</span><br />
<span style="font-size: 12pt;">Fax: 09721/83031</span><br />
<span style="font-size: 12pt;">E-Mail: stefan.labus@gmx.de</span></p>
<p>&nbsp;</p>
<p><span style="text-decoration: underline; font-size: 12pt;">Kooperationspartner Nord-Westdeutschland</span></p>
<p><span style="font-size: 12pt;"> <a href="https://deutsches-kuratorium.de/?attachment_id=134" rel="attachment wp-att-134"><img loading="lazy" decoding="async" class="alignleft size-full wp-image-134" src="https://deutsches-kuratorium.de/wordpress/wp-content/uploads/Bild_Dullau_Autor1.jpg" alt="Michael Dullau" width="119" height="131" /></a></span></p>
<p><span style="font-size: 12pt;">Herr Michael Dullau</span><br />
<span style="font-size: 12pt;">Rhein-Main-Gebiet</span><br />
<span style="font-size: 12pt;">Nordrhein-Westfalen</span></p>
<p>&nbsp;</p>
<p><span style="font-size: 12pt;">Michael Dullau, geboren 1967, beschäftigt sich seit mehreren Jahren als Autor mit der Aufarbeitung der Geschehnisse an der einstigen deutsch-deutschen Grenze und der Grenztruppen der DDR, er hat dazu Romane, Erzählungen und Kurzgeschichten, aber auch Fachbücher, Dokumentationen sowie Chroniken publiziert. Von 1987 bis 1989 war er selbst Wehrdienstpflichtiger bei den Grenztruppen der DDR.</span><br />
<span style="font-size: 12pt;">Im Jahre 2005 wurde sein viel beachteter Debütroman »Grenzland« veröffentlicht, der vom Alltag an der einstigen Grenze erzählt und einen Einblick in das Leben der DDR-Grenzsoldaten gewährt. Im Jahr 2008 wurde von ihm die »Chronik der deutsch-deutschen Grenze und der Grenztruppen der DDR von 1945 bis 1990« veröffentlicht, die als komprimiertes Basiswerk zur deutschen Teilung gilt. Seit Anfang 2016 widmet er sich mit mehreren e-books der umfassenden literarischen Aufarbeitung der Todesfälle an der einstigen deutsch-deutschen Grenze.</span></p>
<p><span style="font-size: 12pt;">Michael Dullau ist heute als freiberuflicher Redakteur und Autor in der Rhein-Main-Region tätig. Er hält Lesungen und Vorträge zur Thematik der deutsch-deutschen Grenze.</span></p>
<p><span style="font-size: 12pt;">Mitglied des Deutschen Kuratoriums e. V. </span></p>
<p><span style="font-size: 12pt;"><span style="text-decoration: underline;">Kontakt:<br />
</span>E-Mail: buch-grenzland@gmx.de</span></p>
<p>&nbsp;</p>
<p><span style="text-decoration: underline; font-size: 12pt;">Kooperationspartner Norddeutschland</span></p>
<p><span style="font-size: 12pt;"><a href="https://deutsches-kuratorium.de/?attachment_id=106" rel="attachment wp-att-106"><img loading="lazy" decoding="async" class="alignleft size-full wp-image-106" src="https://deutsches-kuratorium.de/wordpress/wp-content/uploads/Kropp.jpg" alt="Ulrich Kropp" width="129" height="156" /></a></span></p>
<p>&nbsp;</p>
<p><span style="font-size: 12pt;">Herr</span><br />
<span style="font-size: 12pt;">Ulrich Kropp</span><br />
<span style="font-size: 12pt;">26180 Rastede/Oldenburg</span><br />
<span style="font-size: 12pt;">Niedersachsen</span></p>
<p>&nbsp;</p>
<p><span style="font-size: 12pt;">Herr Ulrich Kropp, Jahrgang 1952, verfügt über 30 Jahre gewachsenes Erfahrungswissen hinsichtlich deutsch-deutscher Geschichte.</span><br />
<span style="font-size: 12pt;">In seinem Beruf als Lehrer organisierte er seit den 1980er Jahren Studienfahrten in die damalige DDR.</span><br />
<span style="font-size: 12pt;">Zahlreiche Lehrerfortbildungen nehmen thematisch auf die deutsch-deutsche sowie europäische Zusammenarbeit Bezug.</span><br />
<span style="font-size: 12pt;">Der Amateurfotograf Ulrich Kropp beobachtet, fotografiert und dokumentiert die ehemalige innerdeutsche Grenze, sowie den Alltag in der DDR.</span><br />
<span style="font-size: 12pt;">Eine Reihe von Grenzdokumenten, Tonaufzeichnungen und Dokumentarfilmen sprechen für sich.</span></p>
<p><span style="font-size: 12pt;">Mitglied des Deutschen Kuratoriums e.V.</span></p>
<p><span style="text-decoration: underline; font-size: 12pt;">Kontakt:</span><br />
<span style="font-size: 12pt;">Tel.: 04402/82282</span><br />
<span style="font-size: 12pt;">Fax: 04402/988306</span><br />
<span style="font-size: 12pt;">E-Mail: ukropp@ewetel.de</span></p>

<p>Kooperationspartner Mitteldeutschland Herr Stefan Labus Friedrichstr. 6-8 97421 Schweinfurt &nbsp; Der Schweinfurter Unternehmer, geboren 1953, ist weit über Stadt und Landkreisgrenzen für sein geschäftliches und ehrenamtliches Engagement bekannt. Die Firma Autoglas Team gehört heute zu den ersten Adressen in Schweinfurt. <a class="more-link" href="https://deutsches-kuratorium.de/?page_id=26">Weiterlesen …</a></p>
