{"id":21,"date":"2013-07-21T13:45:16","date_gmt":"2013-07-21T11:45:16","guid":{"rendered":"http:\/\/deutsches-kuratorium.de\/?page_id=21"},"modified":"2024-06-04T11:11:26","modified_gmt":"2024-06-04T09:11:26","slug":"innland","status":"publish","type":"page","link":"https:\/\/deutsches-kuratorium.de\/?page_id=21","title":{"rendered":"Inland"},"content":{"rendered":"<p><span style=\"font-size: 12pt;\">Das Deutsche Kuratorium zur F\u00f6rderung von Wissenschaft, Bildung und Kultur e.V. unterh\u00e4lt und unterst\u00fctzt eine Reihe von F\u00f6rderprojekten in Deutschland.<\/span><\/p>\n<p><span style=\"font-size: 12pt;\">In erster Linie handelt es sich hierbei um F\u00f6rder- und Unterst\u00fctzungsprojekte, welche von Personen oder Gruppen initiiert worden sind und unter dem Dach des Deutschen Kuratoriums e.V. weitergef\u00fchrt werden. Die Initiatoren dieser gemeinn\u00fctzigen Projekte und Initiativen haben die M\u00f6glichkeit, im Rahmen ihres b\u00fcrgerschaftlichen Engagements aktiv an der Gestaltung dieser F\u00f6rderprojekte teilzunehmen.<\/span><\/p>\n<p><span style=\"font-size: 12pt;\">Auch Verm\u00e4chtnisse zur Weiterf\u00fchrung von Initiativen und gemeinn\u00fctzigen T\u00e4tigkeiten per Vereinbarung zu Lebenszeiten sind m\u00f6glich und k\u00f6nnen nach dem Tode weitergef\u00fchrt werden. Hierzu bedarf es der Schriftform im Rahmen einer vertraglichen \u00dcbereinkunft.<\/span><\/p>\n<p><span style=\"font-size: 12pt;\">Beispiele der Projekte und Initiativen (Auszug)<\/span><\/p>\n<p>&nbsp;<\/p>\n<ul>\n<li><span style=\"text-decoration: underline; font-size: 12pt;\">Gestaltung der Deutschen Einheit<\/span><\/li>\n<\/ul>\n<p><span style=\"font-size: 12pt;\">Bereits im Jahr 1989 wurden erste Kontakte in die damalige DDR gesucht. Eine unterfr\u00e4nkische Familie initiierte daraufhin zahlreiche Projekte, welche das Ziel hatten, das Zusammenwachsen von ost und west zu F\u00f6rdern. Seit dem Jahr 2001 hat das Deutsche Kuratorium \u00fcber alle Projekte dieser Familie die gemeinn\u00fctzige Tr\u00e4gerschaft \u00fcbernommen.<\/span><\/p>\n<p>&nbsp;<\/p>\n<ul>\n<li><span style=\"text-decoration: underline; font-size: 12pt;\">Initiative f\u00fcr Schweinfurt<\/span><\/li>\n<\/ul>\n<p><span style=\"font-size: 12pt;\"><a href=\"https:\/\/deutsches-kuratorium.de\/?attachment_id=75\" rel=\"attachment wp-att-75\"><img loading=\"lazy\" decoding=\"async\" class=\"alignleft wp-image-75\" title=\"Initiative f\u00fcr Schweinfurt\" src=\"https:\/\/deutsches-kuratorium.de\/wordpress\/wp-content\/uploads\/CCI28072013_00003-187x300.jpg\" alt=\"\" width=\"220\" height=\"352\" srcset=\"https:\/\/deutsches-kuratorium.de\/wordpress\/wp-content\/uploads\/CCI28072013_00003-187x300.jpg 187w, https:\/\/deutsches-kuratorium.de\/wordpress\/wp-content\/uploads\/CCI28072013_00003-624x998.jpg 624w, https:\/\/deutsches-kuratorium.de\/wordpress\/wp-content\/uploads\/CCI28072013_00003.jpg 640w\" sizes=\"auto, (max-width: 220px) 100vw, 220px\" \/><\/a><\/span><\/p>\n<p><span style=\"font-size: 12pt;\">Im Jahr 1993 wurde die Kugellagermetropole Schweinfurt fast \u00fcber Nacht zum bundesweiten Krisengebiet.<\/span><\/p>\n<p><span style=\"font-size: 12pt;\">Im Rahmen des Hilfsfonds \u201eInitiative f\u00fcr Schweinfurt\u201c wurde daraufhin ein B\u00fcrgertelefon eingerichtet, hilfesuchende Personen, welche z.B. von Entlassung betroffen waren, konnten hier Hilfe und Rat bekommen. Es schloss sich die Aktion \u201e Arbeitsmarktblitzlicht\u201c an. Innerhalb dieser zeitlich begrenzten Aktion konnten z.B. im Verbund mit dem zust\u00e4ndigen Arbeitsamt Einzelschicksale vorgestellt werden.<br \/>\n<\/span><span style=\"font-size: 12pt;\">Die Ver\u00f6ffentlichungen dieser von Arbeitslosigkeit und Existenzangst gepr\u00e4gten Menschen unterst\u00fctzen seinerzeit bis auf die regionale Tageszeitung in Schweinfurt alle Print-, Funk- sowie Fernsehmedien. Ein zeitlich begrenzter Spendenfonds wurde ebenfalls aufgelegt.<\/span><\/p>\n<p><strong><span style=\"font-size: 10pt;\">Pressebericht der Volkszeitung vom 26.04.1993, \u00a9 2013 (Zum Lesen bitte anklicken.)<\/span><\/strong><\/p>\n<p>&nbsp;<\/p>\n<ul>\n<li><span style=\"text-decoration: underline; font-size: 12pt;\">Hilfsfonds f\u00fcr Stra\u00dfenkinder in Deutschland<\/span><\/li>\n<\/ul>\n<p><span style=\"font-size: 12pt;\">Im Rahmen des Hilfs- und Unterst\u00fctzungsfonds f\u00fcr Stra\u00dfenkinder in Deutschland sollten Kinder und Jugendliche, welche keine Elternbindung mehr hatten, verwahrlost oder abh\u00e4ngig von Suchtmitteln waren unterst\u00fctzt und gef\u00f6rdert werden. Ziel war es, diesen Personenkreis von Kindern und jungen Erwachsenen in ein funktionierendes Leben einzugliedern und L\u00f6sungsm\u00f6glichkeiten aufzuzeigen.<\/span><\/p>\n<p><span style=\"font-size: 12pt;\">Zu diesem Zeitpunkt, ende der 1980er Jahre wurde von politischer Seite kein Handlungsbedarf innerhalb dieser Thematik gesehen. So konnten die Verantwortlichen des Deutschen Kuratorium e.V. keinen Schirmherren oder politischen R\u00fcckhalt f\u00fcr ihre Bestrebungen um die Stra\u00dfenkinder in Deutschland finden. Das anberaumte Hilfsprojekt wurde somit nicht weitergef\u00fchrt.<\/span><\/p>\n<p>&nbsp;<\/p>\n<ul>\n<li><span style=\"text-decoration: underline; font-size: 12pt;\">Denkmalschutzbestrebungen<\/span><\/li>\n<\/ul>\n<p><span style=\"font-size: 12pt;\">Seit dem Ende der 1990er Jahre wurde das Deutsche Kuratorium e.V. mehrfach Tr\u00e4ger unterschiedlicher Denkmalschutzbestrebungen. Hierzu z\u00e4hlen in erster Linie Projekte und Initiativen im Verlauf der ehemaligen innerdeutschen Grenze.<\/span><\/p>\n<p><span style=\"font-size: 12pt;\">Alle Sachzeugnisse, welche heute als Bau- oder Arch\u00e4ologische Bodendenkmale unter staatlichen Schutz gestellt wurden und unter der Tr\u00e4gerschaft des Deutschen Kuratoriums stehen, wurden von privater Hand initiiert und realisiert.<\/span><\/p>\n<p><span style=\"font-size: 12pt;\"><a href=\"https:\/\/deutsches-kuratorium.de\/?attachment_id=80\" rel=\"attachment wp-att-80\"><img loading=\"lazy\" decoding=\"async\" class=\"size-medium wp-image-80 alignright\" title=\"Fledermauszentrum\" src=\"https:\/\/deutsches-kuratorium.de\/wordpress\/wp-content\/uploads\/CCI28072013_00001-251x300.jpg\" alt=\"\" width=\"251\" height=\"300\" srcset=\"https:\/\/deutsches-kuratorium.de\/wordpress\/wp-content\/uploads\/CCI28072013_00001-251x300.jpg 251w, https:\/\/deutsches-kuratorium.de\/wordpress\/wp-content\/uploads\/CCI28072013_00001-624x745.jpg 624w, https:\/\/deutsches-kuratorium.de\/wordpress\/wp-content\/uploads\/CCI28072013_00001.jpg 768w\" sizes=\"auto, (max-width: 251px) 100vw, 251px\" \/><\/a><\/span><\/p>\n<p><span style=\"font-size: 12pt;\">Zu den unter Schutz stehenden Baulichkeiten geh\u00f6ren, u.a.:<\/span><\/p>\n<ul>\n<li><span style=\"font-size: 12pt;\">Grenzanlagen bei Behrungen\/Th\u00fcringen<\/span><\/li>\n<li><span style=\"font-size: 12pt;\">Grenzdenkmal mit F\u00fchrungsbunker bei Gompertshausen\/Th\u00fcringen<\/span><\/li>\n<li><span style=\"font-size: 12pt;\">Arch\u00e4ologische Grenzdenkmale bei Schweickershausen\/Th\u00fcringen<\/span><\/li>\n<li><span style=\"font-size: 12pt;\">Arch\u00e4ologisches Grenzdenkmalensemble am Helmersgraben bei Mendhausen\/Th\u00fcringen<\/span><\/li>\n<li><span style=\"font-size: 12pt;\">und weitere&#8230;<\/span><\/li>\n<\/ul>\n<p><span style=\"font-size: 12pt;\">Auch umf\u00e4ngliche Denkmalforschungen mit Archiv- und Bibliothekkonsultierung flie\u00dfen in diese umf\u00e4nglichen Forschungen ein. Mit den staatlichen Denkmalfachbeh\u00f6rden erfolgt ein regelm\u00e4\u00dfiger Austausch.<\/span><\/p>\n<p style=\"text-align: right;\"><span style=\"font-size: 12pt;\">\u00a0\u00a0\u00a0\u00a0\u00a0\u00a0\u00a0\u00a0\u00a0\u00a0\u00a0\u00a0\u00a0\u00a0\u00a0\u00a0<span style=\"font-size: 10pt;\"><strong>\u00a0\u00a0Pressebericht der Mainpost vom 18.03.2004, \u00a9 2013 (Zum Lesen bitte anklicken.)<\/strong><\/span><\/span><\/p>\n<p><span style=\"font-size: 12pt;\"><a href=\"http:\/\/www.grenzdenkmale.de\/\">www.grenzdenkmale.de<\/a><\/span><\/p>\n<p>&nbsp;<\/p>\n<ul>\n<li><span style=\"text-decoration: underline; font-size: 12pt;\">Museale T\u00e4tigkeiten<\/span><\/li>\n<\/ul>\n<p><span style=\"font-size: 12pt;\">Seit dem Jahr 2003 ist das Deutsche Kuratorium e.V. gemeinn\u00fctziger Tr\u00e4ger des Deutsch-deutschen Freilandmuseums bei Behrungen in Th\u00fcringen und Rappershausen in Bayern.<\/span><\/p>\n<p><span style=\"font-size: 12pt;\">In Kooperation mit dem Bundesgrenzschutz, der Landespolizei in Bayern und Th\u00fcringen, dem Landkreis Schmalkalden-Meiningen sowie den Ortschaften Rappershausen, Behrungen und Berkach wurde das Deutsch-deutsche Freilandmuseum gegr\u00fcndet. Die Idee, Gr\u00fcndung und der weitere Betrieb geht von einer privaten Familie aus. Das Deutsche Kuratorium e.V. war federf\u00fchrend t\u00e4tig bei der Gr\u00fcndung und ist Tr\u00e4ger der Gesamteinrichtung. Die Schirmherrschaft liegt seither beim Th\u00fcringer Kultusminister a.D. Dr. Michael Krapp.<br \/>\nDas Deutsch-deutsche Freilandmuseum umfasst die komplette Grenzstaffelung der ehemaligen DDR sowie Teile der westlichen Landesgrenze. Die Grenzanlagen sind als Bau- sowie Arch\u00e4ologische Bodendenkmale umf\u00e4nglich als Ensemble unter staatlichen Denkmalschutz gestellt worden.<br \/>\n<\/span><\/p>\n<p><span style=\"font-size: 12pt;\"><a href=\"https:\/\/deutsches-kuratorium.de\/?attachment_id=85\" rel=\"attachment wp-att-85\"><img loading=\"lazy\" decoding=\"async\" class=\"size-medium wp-image-85 alignleft\" title=\"Freilandmuseum\" src=\"https:\/\/deutsches-kuratorium.de\/wordpress\/wp-content\/uploads\/PICT7162-300x220.jpg\" alt=\"Freilandmuseum\" width=\"300\" height=\"220\" srcset=\"https:\/\/deutsches-kuratorium.de\/wordpress\/wp-content\/uploads\/PICT7162-300x220.jpg 300w, https:\/\/deutsches-kuratorium.de\/wordpress\/wp-content\/uploads\/PICT7162-624x457.jpg 624w, https:\/\/deutsches-kuratorium.de\/wordpress\/wp-content\/uploads\/PICT7162.jpg 1024w\" sizes=\"auto, (max-width: 300px) 100vw, 300px\" \/><\/a><br \/>\n<\/span><\/p>\n<p><span style=\"font-size: 12pt;\">Auf ausdr\u00fcckliche Willen der privaten Initiatoren wird innerhalb des Freilandmuseums auf jegliches Gesch\u00e4ftstreiben wie z.B. Cafeteria, Eis- und Getr\u00e4nkeverkauf usw. verzichtet. Diese Zusatzgesch\u00e4fte gab es zu keiner Zeit an der deutsch-deutschen Todeslinie auf DDR-Gebiet. Somit w\u00fcrde ein solcher mannigfaltiger Gesch\u00e4ftsbetrieb die verantwortungsvolle und historisch korrekte Geschichtsvermittlung unterlaufen.<\/span><\/p>\n<p><span style=\"font-size: 10pt;\"><strong>Deutsch-deutsches Freilandmuseum, Eingangsbereich<\/strong><\/span><\/p>\n<p><span style=\"font-size: 12pt;\">Die Partnerortschaften des Freilandmuseums sind Rappershausen\/Bayern sowie Behrungen und Berkach in Th\u00fcringen. Hier finden sich auch M\u00f6glichkeiten zum Einkehren sowie Einkaufscenter und \u00dcbernachtungsm\u00f6glichkeiten. Auch R\u00e4umlichkeiten f\u00fcr Seminare oder Exkursionen werden in diesem Zusammenhang bereitgehalten.<\/span><\/p>\n<p><span style=\"font-size: 12pt;\"><a href=\"http:\/\/www.deutsch-deutsches-freilandmuseum.de\/\">www.deutsch-deutsches-freilandmuseum.de<\/a><\/span><\/p>\n","protected":false},"excerpt":{"rendered":"<p>Das Deutsche Kuratorium zur F\u00f6rderung von Wissenschaft, Bildung und Kultur e.V. unterh\u00e4lt und unterst\u00fctzt eine Reihe von F\u00f6rderprojekten in Deutschland. In erster Linie handelt es sich hierbei um F\u00f6rder- und Unterst\u00fctzungsprojekte, welche von Personen oder Gruppen initiiert worden sind und <a class=\"more-link\" href=\"https:\/\/deutsches-kuratorium.de\/?page_id=21\">Weiterlesen\u00a0\u2026<\/a><\/p>\n","protected":false},"author":1,"featured_media":0,"parent":0,"menu_order":0,"comment_status":"closed","ping_status":"closed","template":"","meta":{"footnotes":""},"class_list":["post-21","page","type-page","status-publish","hentry"],"_links":{"self":[{"href":"https:\/\/deutsches-kuratorium.de\/index.php?rest_route=\/wp\/v2\/pages\/21","targetHints":{"allow":["GET"]}}],"collection":[{"href":"https:\/\/deutsches-kuratorium.de\/index.php?rest_route=\/wp\/v2\/pages"}],"about":[{"href":"https:\/\/deutsches-kuratorium.de\/index.php?rest_route=\/wp\/v2\/types\/page"}],"author":[{"embeddable":true,"href":"https:\/\/deutsches-kuratorium.de\/index.php?rest_route=\/wp\/v2\/users\/1"}],"replies":[{"embeddable":true,"href":"https:\/\/deutsches-kuratorium.de\/index.php?rest_route=%2Fwp%2Fv2%2Fcomments&post=21"}],"version-history":[{"count":23,"href":"https:\/\/deutsches-kuratorium.de\/index.php?rest_route=\/wp\/v2\/pages\/21\/revisions"}],"predecessor-version":[{"id":202,"href":"https:\/\/deutsches-kuratorium.de\/index.php?rest_route=\/wp\/v2\/pages\/21\/revisions\/202"}],"wp:attachment":[{"href":"https:\/\/deutsches-kuratorium.de\/index.php?rest_route=%2Fwp%2Fv2%2Fmedia&parent=21"}],"curies":[{"name":"wp","href":"https:\/\/api.w.org\/{rel}","templated":true}]}}

<p><span style="font-size: 12pt;">Das Deutsche Kuratorium zur Förderung von Wissenschaft, Bildung und Kultur e.V. unterhält und unterstützt eine Reihe von Förderprojekten in Deutschland.</span></p>
<p><span style="font-size: 12pt;">In erster Linie handelt es sich hierbei um Förder- und Unterstützungsprojekte, welche von Personen oder Gruppen initiiert worden sind und unter dem Dach des Deutschen Kuratoriums e.V. weitergeführt werden. Die Initiatoren dieser gemeinnützigen Projekte und Initiativen haben die Möglichkeit, im Rahmen ihres bürgerschaftlichen Engagements aktiv an der Gestaltung dieser Förderprojekte teilzunehmen.</span></p>
<p><span style="font-size: 12pt;">Auch Vermächtnisse zur Weiterführung von Initiativen und gemeinnützigen Tätigkeiten per Vereinbarung zu Lebenszeiten sind möglich und können nach dem Tode weitergeführt werden. Hierzu bedarf es der Schriftform im Rahmen einer vertraglichen Übereinkunft.</span></p>
<p><span style="font-size: 12pt;">Beispiele der Projekte und Initiativen (Auszug)</span></p>
<p>&nbsp;</p>
<ul>
<li><span style="text-decoration: underline; font-size: 12pt;">Gestaltung der Deutschen Einheit</span></li>
</ul>
<p><span style="font-size: 12pt;">Bereits im Jahr 1989 wurden erste Kontakte in die damalige DDR gesucht. Eine unterfränkische Familie initiierte daraufhin zahlreiche Projekte, welche das Ziel hatten, das Zusammenwachsen von ost und west zu Fördern. Seit dem Jahr 2001 hat das Deutsche Kuratorium über alle Projekte dieser Familie die gemeinnützige Trägerschaft übernommen.</span></p>
<p>&nbsp;</p>
<ul>
<li><span style="text-decoration: underline; font-size: 12pt;">Initiative für Schweinfurt</span></li>
</ul>
<p><span style="font-size: 12pt;"><a href="https://deutsches-kuratorium.de/?attachment_id=75" rel="attachment wp-att-75"><img loading="lazy" decoding="async" class="alignleft wp-image-75" title="Initiative für Schweinfurt" src="https://deutsches-kuratorium.de/wordpress/wp-content/uploads/CCI28072013_00003-187x300.jpg" alt="" width="220" height="352" srcset="https://deutsches-kuratorium.de/wordpress/wp-content/uploads/CCI28072013_00003-187x300.jpg 187w, https://deutsches-kuratorium.de/wordpress/wp-content/uploads/CCI28072013_00003-624x998.jpg 624w, https://deutsches-kuratorium.de/wordpress/wp-content/uploads/CCI28072013_00003.jpg 640w" sizes="auto, (max-width: 220px) 100vw, 220px" /></a></span></p>
<p><span style="font-size: 12pt;">Im Jahr 1993 wurde die Kugellagermetropole Schweinfurt fast über Nacht zum bundesweiten Krisengebiet.</span></p>
<p><span style="font-size: 12pt;">Im Rahmen des Hilfsfonds „Initiative für Schweinfurt“ wurde daraufhin ein Bürgertelefon eingerichtet, hilfesuchende Personen, welche z.B. von Entlassung betroffen waren, konnten hier Hilfe und Rat bekommen. Es schloss sich die Aktion „ Arbeitsmarktblitzlicht“ an. Innerhalb dieser zeitlich begrenzten Aktion konnten z.B. im Verbund mit dem zuständigen Arbeitsamt Einzelschicksale vorgestellt werden.<br />
</span><span style="font-size: 12pt;">Die Veröffentlichungen dieser von Arbeitslosigkeit und Existenzangst geprägten Menschen unterstützen seinerzeit bis auf die regionale Tageszeitung in Schweinfurt alle Print-, Funk- sowie Fernsehmedien. Ein zeitlich begrenzter Spendenfonds wurde ebenfalls aufgelegt.</span></p>
<p><strong><span style="font-size: 10pt;">Pressebericht der Volkszeitung vom 26.04.1993, © 2013 (Zum Lesen bitte anklicken.)</span></strong></p>
<p>&nbsp;</p>
<ul>
<li><span style="text-decoration: underline; font-size: 12pt;">Hilfsfonds für Straßenkinder in Deutschland</span></li>
</ul>
<p><span style="font-size: 12pt;">Im Rahmen des Hilfs- und Unterstützungsfonds für Straßenkinder in Deutschland sollten Kinder und Jugendliche, welche keine Elternbindung mehr hatten, verwahrlost oder abhängig von Suchtmitteln waren unterstützt und gefördert werden. Ziel war es, diesen Personenkreis von Kindern und jungen Erwachsenen in ein funktionierendes Leben einzugliedern und Lösungsmöglichkeiten aufzuzeigen.</span></p>
<p><span style="font-size: 12pt;">Zu diesem Zeitpunkt, ende der 1980er Jahre wurde von politischer Seite kein Handlungsbedarf innerhalb dieser Thematik gesehen. So konnten die Verantwortlichen des Deutschen Kuratorium e.V. keinen Schirmherren oder politischen Rückhalt für ihre Bestrebungen um die Straßenkinder in Deutschland finden. Das anberaumte Hilfsprojekt wurde somit nicht weitergeführt.</span></p>
<p>&nbsp;</p>
<ul>
<li><span style="text-decoration: underline; font-size: 12pt;">Denkmalschutzbestrebungen</span></li>
</ul>
<p><span style="font-size: 12pt;">Seit dem Ende der 1990er Jahre wurde das Deutsche Kuratorium e.V. mehrfach Träger unterschiedlicher Denkmalschutzbestrebungen. Hierzu zählen in erster Linie Projekte und Initiativen im Verlauf der ehemaligen innerdeutschen Grenze.</span></p>
<p><span style="font-size: 12pt;">Alle Sachzeugnisse, welche heute als Bau- oder Archäologische Bodendenkmale unter staatlichen Schutz gestellt wurden und unter der Trägerschaft des Deutschen Kuratoriums stehen, wurden von privater Hand initiiert und realisiert.</span></p>
<p><span style="font-size: 12pt;"><a href="https://deutsches-kuratorium.de/?attachment_id=80" rel="attachment wp-att-80"><img loading="lazy" decoding="async" class="size-medium wp-image-80 alignright" title="Fledermauszentrum" src="https://deutsches-kuratorium.de/wordpress/wp-content/uploads/CCI28072013_00001-251x300.jpg" alt="" width="251" height="300" srcset="https://deutsches-kuratorium.de/wordpress/wp-content/uploads/CCI28072013_00001-251x300.jpg 251w, https://deutsches-kuratorium.de/wordpress/wp-content/uploads/CCI28072013_00001-624x745.jpg 624w, https://deutsches-kuratorium.de/wordpress/wp-content/uploads/CCI28072013_00001.jpg 768w" sizes="auto, (max-width: 251px) 100vw, 251px" /></a></span></p>
<p><span style="font-size: 12pt;">Zu den unter Schutz stehenden Baulichkeiten gehören, u.a.:</span></p>
<ul>
<li><span style="font-size: 12pt;">Grenzanlagen bei Behrungen/Thüringen</span></li>
<li><span style="font-size: 12pt;">Grenzdenkmal mit Führungsbunker bei Gompertshausen/Thüringen</span></li>
<li><span style="font-size: 12pt;">Archäologische Grenzdenkmale bei Schweickershausen/Thüringen</span></li>
<li><span style="font-size: 12pt;">Archäologisches Grenzdenkmalensemble am Helmersgraben bei Mendhausen/Thüringen</span></li>
<li><span style="font-size: 12pt;">und weitere&#8230;</span></li>
</ul>
<p><span style="font-size: 12pt;">Auch umfängliche Denkmalforschungen mit Archiv- und Bibliothekkonsultierung fließen in diese umfänglichen Forschungen ein. Mit den staatlichen Denkmalfachbehörden erfolgt ein regelmäßiger Austausch.</span></p>
<p style="text-align: right;"><span style="font-size: 12pt;">                <span style="font-size: 10pt;"><strong>  Pressebericht der Mainpost vom 18.03.2004, © 2013 (Zum Lesen bitte anklicken.)</strong></span></span></p>
<p><span style="font-size: 12pt;"><a href="http://www.grenzdenkmale.de/">www.grenzdenkmale.de</a></span></p>
<p>&nbsp;</p>
<ul>
<li><span style="text-decoration: underline; font-size: 12pt;">Museale Tätigkeiten</span></li>
</ul>
<p><span style="font-size: 12pt;">Seit dem Jahr 2003 ist das Deutsche Kuratorium e.V. gemeinnütziger Träger des Deutsch-deutschen Freilandmuseums bei Behrungen in Thüringen und Rappershausen in Bayern.</span></p>
<p><span style="font-size: 12pt;">In Kooperation mit dem Bundesgrenzschutz, der Landespolizei in Bayern und Thüringen, dem Landkreis Schmalkalden-Meiningen sowie den Ortschaften Rappershausen, Behrungen und Berkach wurde das Deutsch-deutsche Freilandmuseum gegründet. Die Idee, Gründung und der weitere Betrieb geht von einer privaten Familie aus. Das Deutsche Kuratorium e.V. war federführend tätig bei der Gründung und ist Träger der Gesamteinrichtung. Die Schirmherrschaft liegt seither beim Thüringer Kultusminister a.D. Dr. Michael Krapp.<br />
Das Deutsch-deutsche Freilandmuseum umfasst die komplette Grenzstaffelung der ehemaligen DDR sowie Teile der westlichen Landesgrenze. Die Grenzanlagen sind als Bau- sowie Archäologische Bodendenkmale umfänglich als Ensemble unter staatlichen Denkmalschutz gestellt worden.<br />
</span></p>
<p><span style="font-size: 12pt;"><a href="https://deutsches-kuratorium.de/?attachment_id=85" rel="attachment wp-att-85"><img loading="lazy" decoding="async" class="size-medium wp-image-85 alignleft" title="Freilandmuseum" src="https://deutsches-kuratorium.de/wordpress/wp-content/uploads/PICT7162-300x220.jpg" alt="Freilandmuseum" width="300" height="220" srcset="https://deutsches-kuratorium.de/wordpress/wp-content/uploads/PICT7162-300x220.jpg 300w, https://deutsches-kuratorium.de/wordpress/wp-content/uploads/PICT7162-624x457.jpg 624w, https://deutsches-kuratorium.de/wordpress/wp-content/uploads/PICT7162.jpg 1024w" sizes="auto, (max-width: 300px) 100vw, 300px" /></a><br />
</span></p>
<p><span style="font-size: 12pt;">Auf ausdrückliche Willen der privaten Initiatoren wird innerhalb des Freilandmuseums auf jegliches Geschäftstreiben wie z.B. Cafeteria, Eis- und Getränkeverkauf usw. verzichtet. Diese Zusatzgeschäfte gab es zu keiner Zeit an der deutsch-deutschen Todeslinie auf DDR-Gebiet. Somit würde ein solcher mannigfaltiger Geschäftsbetrieb die verantwortungsvolle und historisch korrekte Geschichtsvermittlung unterlaufen.</span></p>
<p><span style="font-size: 10pt;"><strong>Deutsch-deutsches Freilandmuseum, Eingangsbereich</strong></span></p>
<p><span style="font-size: 12pt;">Die Partnerortschaften des Freilandmuseums sind Rappershausen/Bayern sowie Behrungen und Berkach in Thüringen. Hier finden sich auch Möglichkeiten zum Einkehren sowie Einkaufscenter und Übernachtungsmöglichkeiten. Auch Räumlichkeiten für Seminare oder Exkursionen werden in diesem Zusammenhang bereitgehalten.</span></p>
<p><span style="font-size: 12pt;"><a href="http://www.deutsch-deutsches-freilandmuseum.de/">www.deutsch-deutsches-freilandmuseum.de</a></span></p>

<p>Das Deutsche Kuratorium zur Förderung von Wissenschaft, Bildung und Kultur e.V. unterhält und unterstützt eine Reihe von Förderprojekten in Deutschland. In erster Linie handelt es sich hierbei um Förder- und Unterstützungsprojekte, welche von Personen oder Gruppen initiiert worden sind und <a class="more-link" href="https://deutsches-kuratorium.de/?page_id=21">Weiterlesen …</a></p>
